{"id":743,"date":"2015-03-01T10:32:58","date_gmt":"2015-03-01T10:32:58","guid":{"rendered":"https:\/\/diocesanos.es\/blogs\/planlector\/?page_id=743"},"modified":"2015-05-27T10:53:01","modified_gmt":"2015-05-27T10:53:01","slug":"la-pandilla-recomienda-2","status":"publish","type":"page","link":"https:\/\/diocesanos.es\/blogs\/planlector\/la-pandilla-recomienda-2\/","title":{"rendered":"LA PANDILLA RECOMIENDA"},"content":{"rendered":"<p><a href=\"https:\/\/diocesanos.es\/blogs\/planlector\/wp-content\/uploads\/sites\/8\/2015\/03\/descarga-1.jpg\"><img loading=\"lazy\" decoding=\"async\" class=\"aligncenter wp-image-735 size-full\" src=\"https:\/\/diocesanos.es\/blogs\/planlector\/wp-content\/uploads\/sites\/8\/2015\/03\/descarga-1.jpg\" alt=\"descarga (1)\" width=\"417\" height=\"121\" srcset=\"https:\/\/diocesanos.es\/blogs\/planlector\/wp-content\/uploads\/sites\/8\/2015\/03\/descarga-1.jpg 417w, https:\/\/diocesanos.es\/blogs\/planlector\/wp-content\/uploads\/sites\/8\/2015\/03\/descarga-1-300x87.jpg 300w\" sizes=\"auto, (max-width: 417px) 100vw, 417px\" \/><\/a><\/p>\n<h3 style=\"text-align: center\"><span style=\"color: #ff0000\">\u00a1AN\u00cdMATE Y DINOS CU\u00c1LES SON TUS LIBROS FAVORITOS!<\/span><\/h3>\n<p style=\"text-align: center\">\u00a0S\u00f3lo tienes que mandarnos un correo a la direcci\u00f3n <span style=\"color: #000080\"><a style=\"color: #000080\" href=\"mailto:milibro@colegiopablovi.es\" target=\"_blank\">milibro@colegiopablovi.es<\/a><\/span> con:<\/p>\n<ul>\n<li>Tu nombre y curso<\/li>\n<li>T\u00edtulo y autor del libro<\/li>\n<li>Una foto\u00a0tuya con el libro.<\/li>\n<li>Cu\u00e9ntanos de qu\u00e9 trata el libro y \u00a0porqu\u00e9 lo\u00a0recomiendas.<\/li>\n<\/ul>\n<hr \/>\n<p><img loading=\"lazy\" decoding=\"async\" class=\"  wp-image-629 alignleft\" src=\"https:\/\/diocesanos.es\/blogs\/planlector\/wp-content\/uploads\/sites\/8\/2015\/02\/IMG-20150223-WA00011-166x300.jpg\" alt=\"IMG-20150223-WA0001\" width=\"121\" height=\"219\" srcset=\"https:\/\/diocesanos.es\/blogs\/planlector\/wp-content\/uploads\/sites\/8\/2015\/02\/IMG-20150223-WA00011-166x300.jpg 166w, https:\/\/diocesanos.es\/blogs\/planlector\/wp-content\/uploads\/sites\/8\/2015\/02\/IMG-20150223-WA00011-127x230.jpg 127w, https:\/\/diocesanos.es\/blogs\/planlector\/wp-content\/uploads\/sites\/8\/2015\/02\/IMG-20150223-WA00011.jpg 543w\" sizes=\"auto, (max-width: 121px) 100vw, 121px\" \/><\/p>\n<h3 style=\"text-align: center\"><strong><span style=\"color: #800080\">\u201cEL PESCADOR\u00a0DE ESTRELLAS\u201d <\/span>\u00a0\u00a0<\/strong><strong>de Domingo del Prado<\/strong><\/h3>\n<p style=\"text-align: justify\">\u00a0 \u00a0Cuenta la historia de Segundo, un ni\u00f1o \u00a0al que le gusta \u00a0su compa\u00f1era de clase, Juana Mar\u00eda.\u00a0El \u00a0 ni\u00f1o \u00a0 \u00a0 \u00a0intenta que \u00a0se enamore de \u00e9l utilizando\u00a0el juego del amigo secreto \u00a0y \u00a0la ayuda de su amigo M\u00e1ximo.<\/p>\n<p style=\"text-align: justify\">\u00a0 Nos ha gustado mucho porque habla de sentimientos y de c\u00f3mo debes vivir con alegr\u00eda, y tiene muchas \u00a0 \u00a0expresiones bonitas.\u00a0Os\u00a0\u00a0recomendamos a todos que le\u00e1is este libro porque \u00a0habla de sentimientos y est\u00e1 muy \u00a0bien.<\/p>\n<h5 style=\"text-align: right\"><strong>IRENE RODR\u00cdGUEZ Y ANDREA VINUESA \u00a0 \u00a0 4\u00ba B Primaria<\/strong><\/h5>\n<div class=\"post-inner\">\n<hr \/>\n<h3 style=\"text-align: center\">\u00a0 \u00a0 \u00a0 \u00a0 \u00a0 \u00a0 <img loading=\"lazy\" decoding=\"async\" class=\"  wp-image-622 alignleft\" src=\"https:\/\/diocesanos.es\/blogs\/planlector\/wp-content\/uploads\/sites\/8\/2015\/02\/IMG-20150223-WA0002-169x300.jpg\" alt=\"IMG-20150223-WA0002\" width=\"123\" height=\"218\" srcset=\"https:\/\/diocesanos.es\/blogs\/planlector\/wp-content\/uploads\/sites\/8\/2015\/02\/IMG-20150223-WA0002-169x300.jpg 169w, https:\/\/diocesanos.es\/blogs\/planlector\/wp-content\/uploads\/sites\/8\/2015\/02\/IMG-20150223-WA0002-576x1024.jpg 576w, https:\/\/diocesanos.es\/blogs\/planlector\/wp-content\/uploads\/sites\/8\/2015\/02\/IMG-20150223-WA0002-129x230.jpg 129w, https:\/\/diocesanos.es\/blogs\/planlector\/wp-content\/uploads\/sites\/8\/2015\/02\/IMG-20150223-WA0002.jpg 581w\" sizes=\"auto, (max-width: 123px) 100vw, 123px\" \/>\u00a0<span style=\"color: #0000ff\">\u201cGUAPAS, LISTAS Y VALIENTES. EL REGALO DE LA HIJA DEL REY\u201d<\/span>\u00a0Beatrice Masini<\/h3>\n<p style=\"text-align: justify\">Este libro me ha gustado mucho porque trata de una ni\u00f1a que va ayudando a los animales. Cada vez que \u00a0 \u00a0ayuda a un animal, las l\u00e1grimas de ese animal se convierten en perlas con las que va formando un collar, que \u00a0quiere regalar \u00a0a su padre el d\u00eda de su cumplea\u00f1os.<\/p>\n<p>Os lo recomiendo porque es muy bonito y vais a vivir una aventura emocionante. \u00a1Ya lo ver\u00e9is!<\/p>\n<h5 style=\"text-align: right\"><strong>ALBA GARC\u00cdA MART\u00cdN 4\u00ba B<\/strong><\/h5>\n<hr \/>\n<p><a href=\"https:\/\/diocesanos.es\/blogs\/planlector\/wp-content\/uploads\/sites\/8\/2015\/02\/IMG-20150223-WA0000.jpg\"><img loading=\"lazy\" decoding=\"async\" class=\"  wp-image-624 alignleft\" src=\"https:\/\/diocesanos.es\/blogs\/planlector\/wp-content\/uploads\/sites\/8\/2015\/02\/IMG-20150223-WA0000-169x300.jpg\" alt=\"IMG-20150223-WA0000\" width=\"127\" height=\"225\" srcset=\"https:\/\/diocesanos.es\/blogs\/planlector\/wp-content\/uploads\/sites\/8\/2015\/02\/IMG-20150223-WA0000-169x300.jpg 169w, https:\/\/diocesanos.es\/blogs\/planlector\/wp-content\/uploads\/sites\/8\/2015\/02\/IMG-20150223-WA0000-576x1024.jpg 576w, https:\/\/diocesanos.es\/blogs\/planlector\/wp-content\/uploads\/sites\/8\/2015\/02\/IMG-20150223-WA0000-129x230.jpg 129w, https:\/\/diocesanos.es\/blogs\/planlector\/wp-content\/uploads\/sites\/8\/2015\/02\/IMG-20150223-WA0000.jpg 581w\" sizes=\"auto, (max-width: 127px) 100vw, 127px\" \/><\/a><\/p>\n<h3 style=\"text-align: center\"><span style=\"color: #ff0000\">\u201d CAMIL\u00d3N, COMIL\u00d3N\u201d \u00a0<\/span>\u00a0Ana Mar\u00eda Machado<\/h3>\n<p>Camil\u00f3n tiene hambre y empieza a pedir comida para llenar su cesta. Cuando la tenga repleta, \u00bfQu\u00e9 har\u00e1\u2026?\u00a0Ah\u00ed os lo dejo para que lo termin\u00e9is de leer. Est\u00e1 en la biblioteca del colegio y es muy divertido.<\/p>\n<h5 style=\"text-align: right\"><strong>\u00a0 JUAN RAM\u00d3N VINUESA GARC\u00cdA 2\u00ba C<\/strong><\/h5>\n<h3 style=\"text-align: center\"><span style=\"color: #ff00ff\">\u201cLIDIA Y YO NO SOMOS MIEDOSOS\u201d<\/span> \u00a0Dimiter Inkiow<strong>\u00a0<\/strong><\/h3>\n<p>Lidia es una ni\u00f1a que nunca tiene miedo. Su hermano est\u00e1 cansado de tener una hermana tan valiente. As\u00ed que tiene que conseguir, como sea, meterle miedo. \u00bfQuieres saber si lo conseguir\u00e1? Entonces, deber\u00e1s leer el libro.<\/p>\n<p>A m\u00ed me ha gustado porque es una aventura muy divertida y se le recomiendo a todos los ni\u00f1os porque se lo van a pasar muy bien.<\/p>\n<h5 style=\"text-align: right\"><strong>DIEGO JIM\u00c9NEZ AYER 2\u00ba C<\/strong><\/h5>\n<hr \/>\n<h3 style=\"text-align: center\">\u00a0<img loading=\"lazy\" decoding=\"async\" class=\"  wp-image-819 alignleft\" src=\"https:\/\/diocesanos.es\/blogs\/planlector\/wp-content\/uploads\/sites\/8\/2015\/03\/2015-03-01-07.40.04-207x300.jpg\" alt=\"2015-03-01 07.40.04\" width=\"122\" height=\"176\" srcset=\"https:\/\/diocesanos.es\/blogs\/planlector\/wp-content\/uploads\/sites\/8\/2015\/03\/2015-03-01-07.40.04-207x300.jpg 207w, https:\/\/diocesanos.es\/blogs\/planlector\/wp-content\/uploads\/sites\/8\/2015\/03\/2015-03-01-07.40.04-708x1024.jpg 708w, https:\/\/diocesanos.es\/blogs\/planlector\/wp-content\/uploads\/sites\/8\/2015\/03\/2015-03-01-07.40.04-159x230.jpg 159w, https:\/\/diocesanos.es\/blogs\/planlector\/wp-content\/uploads\/sites\/8\/2015\/03\/2015-03-01-07.40.04.jpg 1033w\" sizes=\"auto, (max-width: 122px) 100vw, 122px\" \/><span style=\"color: #800080\">\u201cSURCOS DEL AZAR\u201d <\/span>\u00a0de Paco Roca<\/h3>\n<p>Este libro cuenta parte de la guerra civil espa\u00f1ola, hablando de los\u00a0exiliados, los generales notables republicanos, el trabajo forzado. Te\u00a0aporta mucha informaci\u00f3n sobre este tema.<\/p>\n<p>Recomiendo este libro ya que es\u00a0una novela gr\u00e1fica f\u00e1cil de leer y muy interesante.<\/p>\n<h5 style=\"text-align: right\">\u00a0JAVIER JIM\u00c9NEZ\u00a0 4\u00ba A ESO<\/h5>\n<hr \/>\n<h3 style=\"text-align: center\"><span style=\"color: #000080\">\u00abEL ESCA<img loading=\"lazy\" decoding=\"async\" class=\"  wp-image-869 alignleft\" src=\"https:\/\/diocesanos.es\/blogs\/planlector\/wp-content\/uploads\/sites\/8\/2015\/03\/photo1-225x300.jpg\" alt=\"photo\" width=\"164\" height=\"219\" srcset=\"https:\/\/diocesanos.es\/blogs\/planlector\/wp-content\/uploads\/sites\/8\/2015\/03\/photo1-225x300.jpg 225w, https:\/\/diocesanos.es\/blogs\/planlector\/wp-content\/uploads\/sites\/8\/2015\/03\/photo1-173x230.jpg 173w, https:\/\/diocesanos.es\/blogs\/planlector\/wp-content\/uploads\/sites\/8\/2015\/03\/photo1.jpg 480w\" sizes=\"auto, (max-width: 164px) 100vw, 164px\" \/>RABAJO DE HORUS\u201d<\/span> de Roc\u00edo Rueda<\/h3>\n<p>Es la historia de dos hermanos, Miguel y Clara, que un d\u00eda se quedan encerrados en el museo donde trabaja su padre.\u00a0Miguel, cogi\u00f3 un escarabajo sin saber que ten\u00eda poderes y se le rompi\u00f3. De repente\u00a0los dos aparecen sin saber por qu\u00e9 en el Egipto de los Faraones. Viven muchas aventuras para poder regresar a su casa.<\/p>\n<p>Nos ha gustado porque tiene aventuras y acci\u00f3n, es a la vez misteriosa y \u00a0muy divertida.<\/p>\n<p>Os lo recomendamos porque, aunque no os guste leer, te engancha desde el primer cap\u00edtulo. No podr\u00e1s parar hasta saber el final.<\/p>\n<\/div>\n<h5 style=\"text-align: right\">\u00c1NGHEL BONTOI \u00a0 y JONATHAN RANDY \u00a01\u00ba ESO<\/h5>\n<hr \/>\n<p>&nbsp;<\/p>\n<h3 style=\"text-align: center\"><a href=\"https:\/\/diocesanos.es\/blogs\/planlector\/wp-content\/uploads\/sites\/8\/2015\/03\/DSC_0168-libro.jpg\"><img loading=\"lazy\" decoding=\"async\" class=\"  wp-image-903 alignleft\" src=\"https:\/\/diocesanos.es\/blogs\/planlector\/wp-content\/uploads\/sites\/8\/2015\/03\/DSC_0168-libro-169x300.jpg\" alt=\"DSC_0168 libro\" width=\"132\" height=\"234\" srcset=\"https:\/\/diocesanos.es\/blogs\/planlector\/wp-content\/uploads\/sites\/8\/2015\/03\/DSC_0168-libro-169x300.jpg 169w, https:\/\/diocesanos.es\/blogs\/planlector\/wp-content\/uploads\/sites\/8\/2015\/03\/DSC_0168-libro-129x230.jpg 129w, https:\/\/diocesanos.es\/blogs\/planlector\/wp-content\/uploads\/sites\/8\/2015\/03\/DSC_0168-libro.jpg 252w\" sizes=\"auto, (max-width: 132px) 100vw, 132px\" \/><\/a><span style=\"color: #ff0000\">\u00a1\u00a0VAYA VIAJE, AMBAR!<\/span> de Paula Danziger<\/h3>\n<p>Ambar es una ni\u00f1a que se va de vacaciones \u00a0con sus padres y su mejor amigo. All\u00ed se lo pasa muy bien con la casita del \u00e1rbol y los animales que se encuentra. Le pasan muchas aventuras pero lo que m\u00e1s le gusta es dormir en la tienda de campa\u00f1a.<\/p>\n<p>Me ha gustado porque es muy bonito porque se van de vacaciones y se lo pasan muy bien. Se lo recomiendo a todos mis amigos y a todos los ni\u00f1os que se quieran divertir.<\/p>\n<h5 style=\"text-align: right\">\u00a0NEREA HERN\u00c1NDEZ 2\u00ba A Primaria<\/h5>\n<hr \/>\n<h5 style=\"text-align: right\"><\/h5>\n<p><a href=\"https:\/\/diocesanos.es\/blogs\/planlector\/wp-content\/uploads\/sites\/8\/2015\/04\/DSC_0182-1_copy.jpg\"><img loading=\"lazy\" decoding=\"async\" class=\" wp-image-1079  alignleft\" src=\"https:\/\/diocesanos.es\/blogs\/planlector\/wp-content\/uploads\/sites\/8\/2015\/04\/DSC_0182-1_copy-576x1024.jpg\" alt=\"DSC_0182 (1)_copy\" width=\"166\" height=\"296\" srcset=\"https:\/\/diocesanos.es\/blogs\/planlector\/wp-content\/uploads\/sites\/8\/2015\/04\/DSC_0182-1_copy-576x1024.jpg 576w, https:\/\/diocesanos.es\/blogs\/planlector\/wp-content\/uploads\/sites\/8\/2015\/04\/DSC_0182-1_copy-169x300.jpg 169w, https:\/\/diocesanos.es\/blogs\/planlector\/wp-content\/uploads\/sites\/8\/2015\/04\/DSC_0182-1_copy-129x230.jpg 129w\" sizes=\"auto, (max-width: 166px) 100vw, 166px\" \/><\/a><\/p>\n<h4 style=\"text-align: center\"><span style=\"color: #ff6600\">\u201d ANT\u00d3N Y LOS BA\u00d1OS DE LUNA\u201d<\/span> de \u00a0<strong>Norma Sturniolo<\/strong><\/h4>\n<p style=\"text-align: justify\">\u00a0El libro va de un mono llamado\u00a0 Ant\u00f3n\u00a0\u00a0 al que sus amigos le hacen muchas \u201cperrer\u00edas\u201d. \u00a0 \u00a0 \u00a0\u00daltimamente est\u00e1 muy raro,\u00a0 solo sale de noche, se sienta en una roca y est\u00e1 todo el\u00a0 tiempo bajo la \u00a0luna. Sus amigos no saben qu\u00e9 le pasa pero al final conseguir\u00e1n llevarle a casa y que recupere su \u00a0alegr\u00eda. \u00bfC\u00f3mo? pues tendr\u00e1s que leer el libro\u2026<\/p>\n<p style=\"text-align: justify\">Me ha gustado porque es entretenido\u00a0 y te hace re\u00edr. Se lo recomiendo a todos los que les gusten las \u00a0travesuras y son divertidos.<\/p>\n<h5 style=\"text-align: right\"><strong>Nicol\u00e1s Rodr\u00edguez 3\u00ba A<\/strong><\/h5>\n<h3 style=\"text-align: center\"><span style=\"color: #0000ff\">\u201cEL HIJO DEL JARDINERO\u201d<\/span> <strong>\u00a0 de Juan Farias<\/strong><\/h3>\n<p style=\"text-align: justify\">\u00a0Trata de un ni\u00f1o de ocho a\u00f1os que vive con sus padres y son pobres. Su madre est\u00e1 embarazada y \u00e9l \u00a0no sabe qu\u00e9 pasar\u00e1 cuando nazca. Cuando llega su hermano tiene que ayudar a sus padres a cuidar \u00a0de \u00e9l.<\/p>\n<p style=\"text-align: justify\">Es muy interesante y lo que m\u00e1s me ha gustado es que tiene que estar con su hermano y yo creo que \u00a0estar con la familia es muy importante. Se lo recomiendo a todos los ni\u00f1os que les guste la diversi\u00f3n.<\/p>\n<h5 style=\"text-align: right\"><strong>Pablo P\u00e9rez 3\u00ba A<\/strong><\/h5>\n<h3 style=\"text-align: center\"><span style=\"color: #000080\">\u00a0<span style=\"color: #ff6600\">\u201cLA CIUDAD QUE TEN\u00cdA DE TODO\u201d<\/span><\/span> de Alfredo G\u00f3mez<\/h3>\n<p style=\"text-align: justify\">Cuenta la historia de una ciudad que ten\u00eda de todo pero un d\u00eda se dan cuenta de que les falta un animal. El alcalde \u00a0pide a Dino que vaya a las praderas en su busca. Dino \u00a0encuentra al animal y lo lleva al zoo pero\u2026 al animal \u00a0le empiezan a desaparecer partes del cuerpo. \u00bfQu\u00e9 le pasar\u00e1\u00a0? Tendr\u00e9is que leer el libro\u2026<\/p>\n<p style=\"text-align: justify\">Lo que m\u00e1s me ha gustado es cuando encuentra al animal que es de oro. \u00a0Es un libro \u00a0muy bonito y divertido que debes leer si te gustan los animales y pasarlo bien.<\/p>\n<h5 style=\"text-align: right\">Marcos Rodr\u00edguez 3\u00ba A<\/h5>\n<hr \/>\n<p><a href=\"https:\/\/diocesanos.es\/blogs\/planlector\/wp-content\/uploads\/sites\/8\/2015\/04\/DSC_0188.jpg\"><img loading=\"lazy\" decoding=\"async\" class=\"  wp-image-1175 alignleft\" src=\"https:\/\/diocesanos.es\/blogs\/planlector\/wp-content\/uploads\/sites\/8\/2015\/04\/DSC_0188-177x300.jpg\" alt=\"DSC_0188\" width=\"141\" height=\"239\" srcset=\"https:\/\/diocesanos.es\/blogs\/planlector\/wp-content\/uploads\/sites\/8\/2015\/04\/DSC_0188-177x300.jpg 177w, https:\/\/diocesanos.es\/blogs\/planlector\/wp-content\/uploads\/sites\/8\/2015\/04\/DSC_0188-604x1024.jpg 604w, https:\/\/diocesanos.es\/blogs\/planlector\/wp-content\/uploads\/sites\/8\/2015\/04\/DSC_0188-136x230.jpg 136w, https:\/\/diocesanos.es\/blogs\/planlector\/wp-content\/uploads\/sites\/8\/2015\/04\/DSC_0188.jpg 1889w\" sizes=\"auto, (max-width: 141px) 100vw, 141px\" \/><\/a><\/p>\n<h3 style=\"text-align: center\"><span style=\"color: #003366\">LILI LIBERTAD<\/span>\u00a0 de Gonzalo Moure<\/h3>\n<p style=\"text-align: justify\">\u00a0La historia trata de una ni\u00f1a muy t\u00edmida que se muda a una ciudad muy grande. All\u00ed, en el colegio, no tiene \u00a0amigos pero un d\u00eda conoce a 2 ni\u00f1os y con ellos vive grandes aventuras que la ayudan\u00a0 a superar su timidez.<\/p>\n<p style=\"text-align: justify\">\u00a0Me ha encantado el libro porque nunca pasa lo que esperas que debe pasar. Se lo recomiendo especialmente \u00a0a \u00a0mi amiga Irene para que lea cosas diferentes al Club de Teo y a todos los que os guste el suspense.<\/p>\n<h5><\/h5>\n<h5 style=\"text-align: right\">Mar\u00eda Hern\u00e1ndez 5\u00ba B Primaria<\/h5>\n<hr \/>\n<h3 style=\"text-align: center\"><span style=\"color: #ff9900\">DIARIO DE GREG 8: MALA SUERTE<\/span> de\u00a0 Jeff Kinney<\/h3>\n<p style=\"text-align: justify\">Gr<img loading=\"lazy\" decoding=\"async\" class=\"  alignright wp-image-1176\" src=\"https:\/\/diocesanos.es\/blogs\/planlector\/wp-content\/uploads\/sites\/8\/2015\/04\/DSC_0190-184x300.jpg\" alt=\"DSC_0190\" width=\"118\" height=\"192\" srcset=\"https:\/\/diocesanos.es\/blogs\/planlector\/wp-content\/uploads\/sites\/8\/2015\/04\/DSC_0190-184x300.jpg 184w, https:\/\/diocesanos.es\/blogs\/planlector\/wp-content\/uploads\/sites\/8\/2015\/04\/DSC_0190-628x1024.jpg 628w, https:\/\/diocesanos.es\/blogs\/planlector\/wp-content\/uploads\/sites\/8\/2015\/04\/DSC_0190-141x230.jpg 141w, https:\/\/diocesanos.es\/blogs\/planlector\/wp-content\/uploads\/sites\/8\/2015\/04\/DSC_0190.jpg 1945w\" sizes=\"auto, (max-width: 118px) 100vw, 118px\" \/>eg est\u00e1 atravesando una mala racha. Su mejor amigo pasa de \u00e9l desde que se ha echado novia. La cosa est\u00e1 tan mal que hasta su hermana peque\u00f1a tiene m\u00e1s amigos que \u00e9l\u2026 Sin embargo Greg no piensa rendirse y est\u00e1 dispuesto a todo por convertirse en el chico m\u00e1s popular del colegio.\u00bfLograr\u00e1 librarse de la mala suerte que le persigue?<\/p>\n<p style=\"text-align: justify\">A m\u00ed me \u00a0gusta el libro porque es muy gracioso y se lo recomiendo a toda mi clase.<\/p>\n<h5 style=\"text-align: right\">Sergio \u00c1lvarez 4\u00ba C Primaria<\/h5>\n<hr \/>\n<h3 style=\"text-align: center\"><span style=\"color: #0000ff\">LOS TRAPOS SUCIOS<\/span> de \u00a0Elvira Lindo<\/h3>\n<p><a href=\"https:\/\/diocesanos.es\/blogs\/planlector\/wp-content\/uploads\/sites\/8\/2015\/05\/DSC_01861.jpg\"><img loading=\"lazy\" decoding=\"async\" class=\"  wp-image-1433 alignleft\" src=\"https:\/\/diocesanos.es\/blogs\/planlector\/wp-content\/uploads\/sites\/8\/2015\/05\/DSC_01861-197x300.jpg\" alt=\"DSC_0186\" width=\"142\" height=\"216\" srcset=\"https:\/\/diocesanos.es\/blogs\/planlector\/wp-content\/uploads\/sites\/8\/2015\/05\/DSC_01861-197x300.jpg 197w, https:\/\/diocesanos.es\/blogs\/planlector\/wp-content\/uploads\/sites\/8\/2015\/05\/DSC_01861-674x1024.jpg 674w, https:\/\/diocesanos.es\/blogs\/planlector\/wp-content\/uploads\/sites\/8\/2015\/05\/DSC_01861-151x230.jpg 151w, https:\/\/diocesanos.es\/blogs\/planlector\/wp-content\/uploads\/sites\/8\/2015\/05\/DSC_01861.jpg 1817w\" sizes=\"auto, (max-width: 142px) 100vw, 142px\" \/><\/a>Es de la colecci\u00f3n Manolito Gafotas. En este libro, a Manolito le pasan un mont\u00f3n de aventuras\u00a0 en Navidad, pero no solo trata de cosas navide\u00f1as sino tambi\u00e9n de mascotas perdidas y una nueva y enigm\u00e1tica compa\u00f1era de clase. En la cabalgata de reyes, Manolito contemplar\u00e1 un espect\u00e1culo horroroso\u2026 mejor no lo cuento, desc\u00fabrelo t\u00fa.<\/p>\n<p>A m\u00ed me parece un libro muy bueno, porque es de humor y a m\u00ed me gustan mucho los libros de humor.<\/p>\n<p>Se lo recomiendo a todos los que les gusten los libros de humor, os aseguro que os va a gustar mucho.<\/p>\n<h5><strong>Marcos Olmedo 5\u00ba B<\/strong><\/h5>\n<hr \/>\n<p>&nbsp;<\/p>\n<h3 style=\"text-align: center\"><a href=\"https:\/\/diocesanos.es\/blogs\/planlector\/wp-content\/uploads\/sites\/8\/2015\/05\/DSC_0193-1.jpg\"><img loading=\"lazy\" decoding=\"async\" class=\"  wp-image-1423 alignleft\" src=\"https:\/\/diocesanos.es\/blogs\/planlector\/wp-content\/uploads\/sites\/8\/2015\/05\/DSC_0193-1-169x300.jpg\" alt=\"DSC_0193 (1)\" width=\"145\" height=\"257\" srcset=\"https:\/\/diocesanos.es\/blogs\/planlector\/wp-content\/uploads\/sites\/8\/2015\/05\/DSC_0193-1-169x300.jpg 169w, https:\/\/diocesanos.es\/blogs\/planlector\/wp-content\/uploads\/sites\/8\/2015\/05\/DSC_0193-1-576x1024.jpg 576w, https:\/\/diocesanos.es\/blogs\/planlector\/wp-content\/uploads\/sites\/8\/2015\/05\/DSC_0193-1-129x230.jpg 129w\" sizes=\"auto, (max-width: 145px) 100vw, 145px\" \/><\/a><span style=\"color: #ff6600\">TRUCOS DE MAGIA<\/span><\/h3>\n<p>Este libro trata de magia y de alguna ilusi\u00f3n \u00f3ptica. Hay m\u00e1s o menos 100 trucos \u201cflipantes\u201d \u00a0y muy sencillos de aprender. Adem\u00e1s\u00a0 te entretiene bastante intentar aprender todos los trucos. Hay todo tipo de trucos: f\u00e1ciles, dif\u00edciles, aterradores, alucinantes\u2026<\/p>\n<p>Yo, personalmente recomendar\u00eda este libro a cualquier persona de cualquier gusto\u00a0 o edad \u00a0y sobre todo se lo recomiendo a mi amigo Kevin, que es un gran mago.<\/p>\n<h5><strong>Candela Blanco 4\u00ba C<\/strong><\/h5>\n<p>&nbsp;<\/p>\n","protected":false},"excerpt":{"rendered":"<p>\u00a1AN\u00cdMATE Y DINOS CU\u00c1LES SON TUS LIBROS FAVORITOS! \u00a0S\u00f3lo tienes que mandarnos un correo a la direcci\u00f3n milibro@colegiopablovi.es con: Tu nombre y curso T\u00edtulo y autor del libro Una foto\u00a0tuya con el libro. Cu\u00e9ntanos de qu\u00e9 trata el libro y \u00a0porqu\u00e9 lo\u00a0recomiendas. \u201cEL PESCADOR\u00a0DE ESTRELLAS\u201d \u00a0\u00a0de Domingo del Prado \u00a0 \u00a0Cuenta la historia de Segundo, [&hellip;]<\/p>\n","protected":false},"author":19,"featured_media":0,"parent":0,"menu_order":0,"comment_status":"closed","ping_status":"closed","template":"","meta":{"footnotes":""},"class_list":["post-743","page","type-page","status-publish","hentry"],"_links":{"self":[{"href":"https:\/\/diocesanos.es\/blogs\/planlector\/wp-json\/wp\/v2\/pages\/743","targetHints":{"allow":["GET"]}}],"collection":[{"href":"https:\/\/diocesanos.es\/blogs\/planlector\/wp-json\/wp\/v2\/pages"}],"about":[{"href":"https:\/\/diocesanos.es\/blogs\/planlector\/wp-json\/wp\/v2\/types\/page"}],"author":[{"embeddable":true,"href":"https:\/\/diocesanos.es\/blogs\/planlector\/wp-json\/wp\/v2\/users\/19"}],"replies":[{"embeddable":true,"href":"https:\/\/diocesanos.es\/blogs\/planlector\/wp-json\/wp\/v2\/comments?post=743"}],"version-history":[{"count":0,"href":"https:\/\/diocesanos.es\/blogs\/planlector\/wp-json\/wp\/v2\/pages\/743\/revisions"}],"wp:attachment":[{"href":"https:\/\/diocesanos.es\/blogs\/planlector\/wp-json\/wp\/v2\/media?parent=743"}],"curies":[{"name":"wp","href":"https:\/\/api.w.org\/{rel}","templated":true}]}}