{"id":336,"date":"2015-02-05T11:40:37","date_gmt":"2015-02-05T11:40:37","guid":{"rendered":"https:\/\/diocesanos.es\/blogs\/planlector\/?page_id=336"},"modified":"2015-06-21T08:48:04","modified_gmt":"2015-06-21T08:48:04","slug":"cuento-viajero","status":"publish","type":"page","link":"https:\/\/diocesanos.es\/blogs\/planlector\/cuento-viajero\/","title":{"rendered":"Cuento viajero"},"content":{"rendered":"<p>&nbsp;<\/p>\n<p><a href=\"https:\/\/diocesanos.es\/blogs\/planlector\/wp-content\/uploads\/sites\/8\/2015\/02\/Quijote.jpg\"><img loading=\"lazy\" decoding=\"async\" class=\"  wp-image-338 aligncenter\" src=\"https:\/\/diocesanos.es\/blogs\/planlector\/wp-content\/uploads\/sites\/8\/2015\/02\/Quijote-300x208.jpg\" alt=\"???????????????????????????????\" width=\"418\" height=\"290\" srcset=\"https:\/\/diocesanos.es\/blogs\/planlector\/wp-content\/uploads\/sites\/8\/2015\/02\/Quijote-300x208.jpg 300w, https:\/\/diocesanos.es\/blogs\/planlector\/wp-content\/uploads\/sites\/8\/2015\/02\/Quijote-1024x709.jpg 1024w, https:\/\/diocesanos.es\/blogs\/planlector\/wp-content\/uploads\/sites\/8\/2015\/02\/Quijote-332x230.jpg 332w\" sizes=\"auto, (max-width: 418px) 100vw, 418px\" \/><\/a><\/p>\n<p style=\"text-align: justify\"><span style=\"color: #000000\"><span style=\"font-family: Comic Sans MS,serif\"><span style=\"font-size: medium\">Este a\u00f1o los alumnos del <strong>primer ciclo de Educaci\u00f3n Infantil<\/strong>, como novedad comienza su cuento viajero con historias de caballer\u00eda.<\/span><\/span><\/span><\/p>\n<p style=\"text-align: justify\"><span style=\"color: #000000\"><span style=\"font-family: Comic Sans MS,serif\"><span style=\"font-size: medium\">El cuento viajero ira cada fin de semana con una familia acompa\u00f1ado de las mascotas de la clase Peca y Lino, para descubrir las fant\u00e1sticas andaduras de D. Quijote personaje protagonista en la semana de lectura nuestro colegio.<\/span><\/span><\/span><\/p>\n<p style=\"text-align: justify\"><span style=\"color: #000000\"><span style=\"font-family: Comic Sans MS,serif\"><span style=\"font-size: medium\">Los padres tendr\u00e1n que ser ingeniosos para completar las aventuras de nuestro hidalgo caballero, Peca y Lino.<\/span><\/span><\/span><\/p>\n<p style=\"text-align: justify\"><span style=\"color: #000000\"><span style=\"font-family: Comic Sans MS,serif\"><span style=\"font-size: medium\"><b><span style=\"text-decoration: underline\">Cada semana publicaremos en el blog del plan lector del colegio una fant\u00e1stica historia<\/span>, os animo a que particip\u00e9is.<\/b><\/span><\/span><\/span><\/p>\n<hr \/>\n<p align=\"center\"><span style=\"color: #e36c0a\"><span style=\"font-family: Comic Sans MS,serif\"><span style=\"font-size: x-large\"><b>D.Miguel de Cervantes<\/b><\/span><\/span><\/span><\/p>\n<p style=\"text-align: left\" align=\"center\"><a href=\"https:\/\/diocesanos.es\/blogs\/planlector\/wp-content\/uploads\/sites\/8\/2015\/02\/q1.jpg\"><img loading=\"lazy\" decoding=\"async\" class=\"  wp-image-349 alignleft\" src=\"https:\/\/diocesanos.es\/blogs\/planlector\/wp-content\/uploads\/sites\/8\/2015\/02\/q1-151x300.jpg\" alt=\"q1\" width=\"135\" height=\"268\" srcset=\"https:\/\/diocesanos.es\/blogs\/planlector\/wp-content\/uploads\/sites\/8\/2015\/02\/q1-151x300.jpg 151w, https:\/\/diocesanos.es\/blogs\/planlector\/wp-content\/uploads\/sites\/8\/2015\/02\/q1-116x230.jpg 116w, https:\/\/diocesanos.es\/blogs\/planlector\/wp-content\/uploads\/sites\/8\/2015\/02\/q1.jpg 161w\" sizes=\"auto, (max-width: 135px) 100vw, 135px\" \/><\/a><\/p>\n<h3 style=\"text-align: center\" align=\"center\"><\/h3>\n<h3 style=\"text-align: center\" align=\"center\"><\/h3>\n<h3 style=\"text-align: center\" align=\"center\">Naci\u00f3 en Alcal\u00e1 de Henares, en el a\u00f1o 1547.<\/h3>\n<h3 style=\"text-align: center\" align=\"center\">Era muy curioso y le encantaba leer libros de caballer\u00eda,<\/h3>\n<h3 style=\"text-align: center\" align=\"center\">as\u00ed escribi\u00f3 las aventuras de\u00bbDon Quijote de la Mancha\u00bb.<\/h3>\n<p>&nbsp;<\/p>\n<p>&nbsp;<\/p>\n<p>&nbsp;<\/p>\n<p>&nbsp;<\/p>\n<hr \/>\n<p>&nbsp;<\/p>\n<p align=\"center\"><span style=\"color: #e36c0a\"><span style=\"font-family: Comic Sans MS,serif\"><span style=\"font-size: x-large\"><b>Peca y Lino comienzan sus aventuras con Don Quijote de la Mancha.<\/b><\/span><\/span><\/span><\/p>\n<p align=\"center\"><a href=\"https:\/\/diocesanos.es\/blogs\/planlector\/wp-content\/uploads\/sites\/8\/2015\/02\/q-2.jpg\"><img loading=\"lazy\" decoding=\"async\" class=\"alignnone  wp-image-351\" src=\"https:\/\/diocesanos.es\/blogs\/planlector\/wp-content\/uploads\/sites\/8\/2015\/02\/q-2-300x245.jpg\" alt=\"q 2\" width=\"565\" height=\"462\" srcset=\"https:\/\/diocesanos.es\/blogs\/planlector\/wp-content\/uploads\/sites\/8\/2015\/02\/q-2-300x245.jpg 300w, https:\/\/diocesanos.es\/blogs\/planlector\/wp-content\/uploads\/sites\/8\/2015\/02\/q-2-282x230.jpg 282w, https:\/\/diocesanos.es\/blogs\/planlector\/wp-content\/uploads\/sites\/8\/2015\/02\/q-2.jpg 322w\" sizes=\"auto, (max-width: 565px) 100vw, 565px\" \/><\/a><\/p>\n<hr \/>\n<h4 style=\"text-align: justify\">Este a\u00f1o nuestro cuento viajero est\u00e1 enfocado en el personaje de D. Quijote de la Mancha y sus andanzas junto con Peca y Lino\u2026<\/h4>\n<p><a href=\"https:\/\/diocesanos.es\/blogs\/planlector\/wp-content\/uploads\/sites\/8\/2015\/02\/peca.png\"><img loading=\"lazy\" decoding=\"async\" class=\" size-full wp-image-380 alignleft\" src=\"https:\/\/diocesanos.es\/blogs\/planlector\/wp-content\/uploads\/sites\/8\/2015\/02\/peca.png\" alt=\"peca\" width=\"200\" height=\"187\" \/><\/a><\/p>\n<h4>Pautas a seguir:<\/h4>\n<ul>\n<li>\n<h4 style=\"text-align: justify\">El texto original de la versi\u00f3n infantil de la historia se encuentra a la izquierda de la p\u00e1gina.<\/h4>\n<\/li>\n<li>\n<h4 style=\"text-align: justify\">El texto que vosotros pap\u00e1s, junto con vuestros hijos, tendr\u00e9is que desarrollar de forma muy breve y concisa, ir\u00e1 a la derecha.<\/h4>\n<\/li>\n<li>\n<h4 style=\"text-align: justify\">El texto redactado por cada familia tendr\u00e1 que estar relacionado con el texto original que le toque a cada familia, y siempre tendr\u00e1n que ser incluidos como personajes Peca y Lino y vuestro hijo\/a.<\/h4>\n<\/li>\n<li>\n<h4 style=\"text-align: justify\">El cuento junto con nuestras mascotas visitaran en una ocasi\u00f3n a lo largo del curso a cada familia.<\/h4>\n<\/li>\n<\/ul>\n<h4 style=\"text-align: center\">En todo momento es muy imp<strong>ortante la participaci\u00f3n de los ni\u00f1os\/as y la lectura del cuento por parte de los padres a sus hijos.<\/strong><\/h4>\n<hr \/>\n<p style=\"text-align: right\"><a href=\"https:\/\/diocesanos.es\/blogs\/planlector\/wp-content\/uploads\/sites\/8\/2015\/02\/Page0001.jpg\"><img loading=\"lazy\" decoding=\"async\" class=\"alignnone wp-image-464 size-large\" src=\"https:\/\/diocesanos.es\/blogs\/planlector\/wp-content\/uploads\/sites\/8\/2015\/02\/Page0001-1024x819.jpg\" alt=\"Page0001\" width=\"1024\" height=\"819\" srcset=\"https:\/\/diocesanos.es\/blogs\/planlector\/wp-content\/uploads\/sites\/8\/2015\/02\/Page0001-1024x819.jpg 1024w, https:\/\/diocesanos.es\/blogs\/planlector\/wp-content\/uploads\/sites\/8\/2015\/02\/Page0001-300x240.jpg 300w, https:\/\/diocesanos.es\/blogs\/planlector\/wp-content\/uploads\/sites\/8\/2015\/02\/Page0001-288x230.jpg 288w, https:\/\/diocesanos.es\/blogs\/planlector\/wp-content\/uploads\/sites\/8\/2015\/02\/Page0001.jpg 1280w\" sizes=\"auto, (max-width: 1024px) 100vw, 1024px\" \/><\/a>\u00a0Leo Jim\u00e9nez\u00a0 (Aula mixta)<\/p>\n<p style=\"text-align: right\"><a href=\"https:\/\/diocesanos.es\/blogs\/planlector\/wp-content\/uploads\/sites\/8\/2015\/02\/quijo-2-valido.jpg\"><img loading=\"lazy\" decoding=\"async\" class=\"alignnone wp-image-466 size-large alignright\" src=\"https:\/\/diocesanos.es\/blogs\/planlector\/wp-content\/uploads\/sites\/8\/2015\/02\/quijo-2-valido-1024x705.jpg\" alt=\"quijo 2 valido\" width=\"1024\" height=\"705\" srcset=\"https:\/\/diocesanos.es\/blogs\/planlector\/wp-content\/uploads\/sites\/8\/2015\/02\/quijo-2-valido-1024x705.jpg 1024w, https:\/\/diocesanos.es\/blogs\/planlector\/wp-content\/uploads\/sites\/8\/2015\/02\/quijo-2-valido-300x207.jpg 300w, https:\/\/diocesanos.es\/blogs\/planlector\/wp-content\/uploads\/sites\/8\/2015\/02\/quijo-2-valido-334x230.jpg 334w\" sizes=\"auto, (max-width: 1024px) 100vw, 1024px\" \/><\/a>Candela S\u00e1nchez\u00a0 (2 a\u00f1os A)<\/p>\n<p style=\"text-align: right\"><a href=\"https:\/\/diocesanos.es\/blogs\/planlector\/wp-content\/uploads\/sites\/8\/2015\/02\/cuent1-e1424429064838.jpg\"><img loading=\"lazy\" decoding=\"async\" class=\"aligncenter wp-image-599 size-large\" src=\"https:\/\/diocesanos.es\/blogs\/planlector\/wp-content\/uploads\/sites\/8\/2015\/02\/cuent1-e1424429064838-1024x773.jpg\" alt=\"cuent\" width=\"1024\" height=\"773\" srcset=\"https:\/\/diocesanos.es\/blogs\/planlector\/wp-content\/uploads\/sites\/8\/2015\/02\/cuent1-e1424429064838-1024x773.jpg 1024w, https:\/\/diocesanos.es\/blogs\/planlector\/wp-content\/uploads\/sites\/8\/2015\/02\/cuent1-e1424429064838-300x226.jpg 300w, https:\/\/diocesanos.es\/blogs\/planlector\/wp-content\/uploads\/sites\/8\/2015\/02\/cuent1-e1424429064838-305x230.jpg 305w\" sizes=\"auto, (max-width: 1024px) 100vw, 1024px\" \/><\/a>Luc\u00eda Gal\u00e1n (2 a\u00f1os B)<\/p>\n<p style=\"text-align: right\"><a href=\"https:\/\/diocesanos.es\/blogs\/planlector\/wp-content\/uploads\/sites\/8\/2015\/02\/Cuento_copy-2.jpg\"><img loading=\"lazy\" decoding=\"async\" class=\"alignnone wp-image-712 size-large\" src=\"https:\/\/diocesanos.es\/blogs\/planlector\/wp-content\/uploads\/sites\/8\/2015\/02\/Cuento_copy-2-1024x739.jpg\" alt=\"Cuento_copy 2\" width=\"1024\" height=\"739\" srcset=\"https:\/\/diocesanos.es\/blogs\/planlector\/wp-content\/uploads\/sites\/8\/2015\/02\/Cuento_copy-2.jpg 1024w, https:\/\/diocesanos.es\/blogs\/planlector\/wp-content\/uploads\/sites\/8\/2015\/02\/Cuento_copy-2-300x217.jpg 300w, https:\/\/diocesanos.es\/blogs\/planlector\/wp-content\/uploads\/sites\/8\/2015\/02\/Cuento_copy-2-319x230.jpg 319w\" sizes=\"auto, (max-width: 1024px) 100vw, 1024px\" \/><\/a>\u00c1lvaro Mu\u00f1oz (18 meses)<\/p>\n<p style=\"text-align: left\"><a href=\"https:\/\/diocesanos.es\/blogs\/planlector\/wp-content\/uploads\/sites\/8\/2015\/02\/Page00012.jpg\"><img loading=\"lazy\" decoding=\"async\" class=\"alignnone wp-image-778 size-large\" src=\"https:\/\/diocesanos.es\/blogs\/planlector\/wp-content\/uploads\/sites\/8\/2015\/02\/Page00012-1024x754.jpg\" alt=\"Page0001\" width=\"1024\" height=\"754\" srcset=\"https:\/\/diocesanos.es\/blogs\/planlector\/wp-content\/uploads\/sites\/8\/2015\/02\/Page00012-1024x754.jpg 1024w, https:\/\/diocesanos.es\/blogs\/planlector\/wp-content\/uploads\/sites\/8\/2015\/02\/Page00012-300x221.jpg 300w, https:\/\/diocesanos.es\/blogs\/planlector\/wp-content\/uploads\/sites\/8\/2015\/02\/Page00012-312x230.jpg 312w\" sizes=\"auto, (max-width: 1024px) 100vw, 1024px\" \/><\/a><\/p>\n<p style=\"text-align: right\">Rodrigo Gonz\u00e1lez (Aula Mixta)<\/p>\n<p style=\"text-align: right\"><a href=\"https:\/\/diocesanos.es\/blogs\/planlector\/wp-content\/uploads\/sites\/8\/2015\/02\/Page00013.jpg\"><img loading=\"lazy\" decoding=\"async\" class=\"alignnone wp-image-812 size-large\" src=\"https:\/\/diocesanos.es\/blogs\/planlector\/wp-content\/uploads\/sites\/8\/2015\/02\/Page00013-1024x762.jpg\" alt=\"Page0001\" width=\"1024\" height=\"762\" srcset=\"https:\/\/diocesanos.es\/blogs\/planlector\/wp-content\/uploads\/sites\/8\/2015\/02\/Page00013-1024x762.jpg 1024w, https:\/\/diocesanos.es\/blogs\/planlector\/wp-content\/uploads\/sites\/8\/2015\/02\/Page00013-300x223.jpg 300w, https:\/\/diocesanos.es\/blogs\/planlector\/wp-content\/uploads\/sites\/8\/2015\/02\/Page00013-309x230.jpg 309w\" sizes=\"auto, (max-width: 1024px) 100vw, 1024px\" \/><\/a><\/p>\n<p style=\"text-align: right\">Carla Garc\u00eda (18 meses)<\/p>\n<p style=\"text-align: right\"><a href=\"https:\/\/diocesanos.es\/blogs\/planlector\/wp-content\/uploads\/sites\/8\/2015\/02\/Page00014.jpg\"><img loading=\"lazy\" decoding=\"async\" class=\"alignnone wp-image-916 size-large\" src=\"https:\/\/diocesanos.es\/blogs\/planlector\/wp-content\/uploads\/sites\/8\/2015\/02\/Page00014-1024x740.jpg\" alt=\"Page0001\" width=\"1024\" height=\"740\" srcset=\"https:\/\/diocesanos.es\/blogs\/planlector\/wp-content\/uploads\/sites\/8\/2015\/02\/Page00014-1024x740.jpg 1024w, https:\/\/diocesanos.es\/blogs\/planlector\/wp-content\/uploads\/sites\/8\/2015\/02\/Page00014-300x217.jpg 300w, https:\/\/diocesanos.es\/blogs\/planlector\/wp-content\/uploads\/sites\/8\/2015\/02\/Page00014-318x230.jpg 318w\" sizes=\"auto, (max-width: 1024px) 100vw, 1024px\" \/><\/a><\/p>\n<p style=\"text-align: right\">Manuel Mart\u00ednez (2 a\u00f1os B)<\/p>\n<p style=\"text-align: right\"><a href=\"https:\/\/diocesanos.es\/blogs\/planlector\/wp-content\/uploads\/sites\/8\/2015\/04\/cuento.jpg\"><img loading=\"lazy\" decoding=\"async\" class=\"aligncenter wp-image-1118 size-large\" src=\"https:\/\/diocesanos.es\/blogs\/planlector\/wp-content\/uploads\/sites\/8\/2015\/04\/cuento-1024x832.jpg\" alt=\"cuento\" width=\"1024\" height=\"832\" srcset=\"https:\/\/diocesanos.es\/blogs\/planlector\/wp-content\/uploads\/sites\/8\/2015\/04\/cuento-1024x832.jpg 1024w, https:\/\/diocesanos.es\/blogs\/planlector\/wp-content\/uploads\/sites\/8\/2015\/04\/cuento-300x244.jpg 300w, https:\/\/diocesanos.es\/blogs\/planlector\/wp-content\/uploads\/sites\/8\/2015\/04\/cuento-283x230.jpg 283w, https:\/\/diocesanos.es\/blogs\/planlector\/wp-content\/uploads\/sites\/8\/2015\/04\/cuento.jpg 1987w\" sizes=\"auto, (max-width: 1024px) 100vw, 1024px\" \/><\/a><\/p>\n<p style=\"text-align: right\">Carla Arribas (18 meses)<\/p>\n<p><a href=\"https:\/\/diocesanos.es\/blogs\/planlector\/wp-content\/uploads\/sites\/8\/2015\/05\/Page0003.jpg\"><img loading=\"lazy\" decoding=\"async\" class=\" wp-image-1427 size-large aligncenter\" src=\"https:\/\/diocesanos.es\/blogs\/planlector\/wp-content\/uploads\/sites\/8\/2015\/05\/Page0003-1024x741.jpg\" alt=\"Page0003\" width=\"1024\" height=\"741\" srcset=\"https:\/\/diocesanos.es\/blogs\/planlector\/wp-content\/uploads\/sites\/8\/2015\/05\/Page0003-1024x741.jpg 1024w, https:\/\/diocesanos.es\/blogs\/planlector\/wp-content\/uploads\/sites\/8\/2015\/05\/Page0003-300x217.jpg 300w, https:\/\/diocesanos.es\/blogs\/planlector\/wp-content\/uploads\/sites\/8\/2015\/05\/Page0003-318x230.jpg 318w\" sizes=\"auto, (max-width: 1024px) 100vw, 1024px\" \/><\/a><\/p>\n<p style=\"text-align: right\">Alejandro Mart\u00edn (Aula mixta)<\/p>\n<p><img loading=\"lazy\" decoding=\"async\" class=\" wp-image-1426 size-large aligncenter\" src=\"https:\/\/diocesanos.es\/blogs\/planlector\/wp-content\/uploads\/sites\/8\/2015\/05\/Page0001-1024x785.jpg\" alt=\"Page0001\" width=\"1024\" height=\"785\" srcset=\"https:\/\/diocesanos.es\/blogs\/planlector\/wp-content\/uploads\/sites\/8\/2015\/05\/Page0001-1024x785.jpg 1024w, https:\/\/diocesanos.es\/blogs\/planlector\/wp-content\/uploads\/sites\/8\/2015\/05\/Page0001-300x230.jpg 300w\" sizes=\"auto, (max-width: 1024px) 100vw, 1024px\" \/><\/p>\n<p style=\"text-align: right\">Nicol\u00e1s Chav\u00e9s (18 meses)<\/p>\n<p><a href=\"https:\/\/diocesanos.es\/blogs\/planlector\/wp-content\/uploads\/sites\/8\/2015\/05\/Page00012.jpg\"><img loading=\"lazy\" decoding=\"async\" class=\"alignnone wp-image-1510 size-large\" src=\"https:\/\/diocesanos.es\/blogs\/planlector\/wp-content\/uploads\/sites\/8\/2015\/05\/Page00012-1024x766.jpg\" alt=\"Page0001\" width=\"1024\" height=\"766\" srcset=\"https:\/\/diocesanos.es\/blogs\/planlector\/wp-content\/uploads\/sites\/8\/2015\/05\/Page00012-1024x766.jpg 1024w, https:\/\/diocesanos.es\/blogs\/planlector\/wp-content\/uploads\/sites\/8\/2015\/05\/Page00012-300x224.jpg 300w, https:\/\/diocesanos.es\/blogs\/planlector\/wp-content\/uploads\/sites\/8\/2015\/05\/Page00012-308x230.jpg 308w\" sizes=\"auto, (max-width: 1024px) 100vw, 1024px\" \/><\/a><\/p>\n<p style=\"text-align: right\">Victor Blanco (Aula Mixta)<\/p>\n<p><a href=\"https:\/\/diocesanos.es\/blogs\/planlector\/wp-content\/uploads\/sites\/8\/2015\/06\/Iv%C3%A1n-Jim%C3%A9nez-2-a-B.jpg\"><img loading=\"lazy\" decoding=\"async\" class=\"alignnone wp-image-1551 size-large\" src=\"https:\/\/diocesanos.es\/blogs\/planlector\/wp-content\/uploads\/sites\/8\/2015\/06\/Iv%C3%A1n-Jim%C3%A9nez-2-a-B-1024x744.jpg\" alt=\"Iv\u00e1n Jim\u00e9nez 2 a B\" width=\"1024\" height=\"744\" \/><\/a><\/p>\n<p style=\"text-align: right\"><strong>Iv\u00e1n Jim\u00e9nez (2 a\u00f1os B)<\/strong><\/p>\n<p style=\"text-align: right\"><strong><img decoding=\"async\" src=\"https:\/\/diocesanos.es\/blogs\/planlector\/wp-content\/uploads\/sites\/8\/2015\/06\/leo-mart%C3%ADn-2a-B-1024x832.jpg\" alt=\"leo mart\u00edn 2a B\" \/>Leo Mart\u00edn (2 a\u00f1os B)<\/strong><\/p>\n<p style=\"text-align: right\">\n","protected":false},"excerpt":{"rendered":"<p>&nbsp; Este a\u00f1o los alumnos del primer ciclo de Educaci\u00f3n Infantil, como novedad comienza su cuento viajero con historias de caballer\u00eda. El cuento viajero ira cada fin de semana con una familia acompa\u00f1ado de las mascotas de la clase Peca y Lino, para descubrir las fant\u00e1sticas andaduras de D. Quijote personaje protagonista en la semana [&hellip;]<\/p>\n","protected":false},"author":19,"featured_media":0,"parent":0,"menu_order":1,"comment_status":"closed","ping_status":"closed","template":"","meta":{"footnotes":""},"class_list":["post-336","page","type-page","status-publish","hentry"],"_links":{"self":[{"href":"https:\/\/diocesanos.es\/blogs\/planlector\/wp-json\/wp\/v2\/pages\/336","targetHints":{"allow":["GET"]}}],"collection":[{"href":"https:\/\/diocesanos.es\/blogs\/planlector\/wp-json\/wp\/v2\/pages"}],"about":[{"href":"https:\/\/diocesanos.es\/blogs\/planlector\/wp-json\/wp\/v2\/types\/page"}],"author":[{"embeddable":true,"href":"https:\/\/diocesanos.es\/blogs\/planlector\/wp-json\/wp\/v2\/users\/19"}],"replies":[{"embeddable":true,"href":"https:\/\/diocesanos.es\/blogs\/planlector\/wp-json\/wp\/v2\/comments?post=336"}],"version-history":[{"count":0,"href":"https:\/\/diocesanos.es\/blogs\/planlector\/wp-json\/wp\/v2\/pages\/336\/revisions"}],"wp:attachment":[{"href":"https:\/\/diocesanos.es\/blogs\/planlector\/wp-json\/wp\/v2\/media?parent=336"}],"curies":[{"name":"wp","href":"https:\/\/api.w.org\/{rel}","templated":true}]}}