{"id":123,"date":"2015-03-15T15:17:58","date_gmt":"2015-03-15T15:17:58","guid":{"rendered":"https:\/\/diocesanos.es\/blogs\/orientapvi\/?page_id=123"},"modified":"2015-05-05T15:49:37","modified_gmt":"2015-05-05T15:49:37","slug":"orientaciones-4","status":"publish","type":"page","link":"https:\/\/diocesanos.es\/blogs\/orientapvi\/orientaciones-4\/","title":{"rendered":"Estimulaci\u00f3n"},"content":{"rendered":"<p>ORIENTACIONES GENERALES DE LENGUAJE ORAL<\/p>\n<p style=\"text-align: justify\">El lenguaje oral es una funci\u00f3n y una destreza que se aprende de forma natural, por una serie de intercambios con el entorno social. La adquisici\u00f3n del lenguaje es un proceso evolutivo que sigue su propio ritmo y curso. Estos no son iguales en todos los ni\u00f1os. Que tu hijo no pronuncie y articulen bien los sonidos, depende, en gran medida, de que vosotros, como madre y padre, ofrezc\u00e1is unos modelos correctos de pronunciaci\u00f3n. En el control de la articulaci\u00f3n interviene decisivamente el o\u00eddo, la respiraci\u00f3n, el soplo y la capacidad de movilidad de los \u00f3rganos bucofonatorios (lengua, labios, paladar&#8230;).<\/p>\n<p style=\"text-align: justify\">A continuaci\u00f3n os presento una serie de orientaciones para la <strong>estimulaci\u00f3n del lenguaje de vuestro hijo<\/strong>:<\/p>\n<p style=\"text-align: justify\">\u2022 H\u00e1blale despacio y de forma clara.<\/p>\n<p style=\"text-align: justify\">\u2022 -Habla a tu hijo tan a menudo como sea posible.<\/p>\n<p style=\"text-align: justify\">\u2022 -H\u00e1blale correctamente y no imites su forma de hablar.<\/p>\n<p style=\"text-align: justify\">\u2022 -No le atosigues porque te parezca que va lento, cada cual tienen su ritmo de pronunciaci\u00f3n.<\/p>\n<p style=\"text-align: justify\">\u2022 -Dale tiempo para que responda a tus preguntas.<\/p>\n<p style=\"text-align: justify\">\u2022 -Se\u00f1ala o marca turnos de intervenci\u00f3n del ni\u00f1o. Intenta que tu hijo respete los turnos de comunicaci\u00f3n.<br \/>\n\u2022 Rep\u00edtele todo las veces que lo necesite, pero siempre de forma natural.<\/p>\n<p style=\"text-align: justify\">\u2022 -No corrijas inmediatamente las producciones err\u00f3neas del ni\u00f1o. Utiliza esa palabra en una frase para que la escuche bien dicha. (Ejemplo: \u201cel pero ladra\u201d y se le dice \u201cel perro que juega con ese ni\u00f1o ladra muy fuerte\u201d).<\/p>\n<p style=\"text-align: justify\">\u2022 -No intentes corregir los errores fonol\u00f3gicos del ni\u00f1o (eso es labor del logopeda), lim\u00edtate a que el ni\u00f1o te oiga correctamente y comprenda lo que quieres decir.<\/p>\n<p style=\"text-align: justify\">\u2022 -Adapta la longitud de tus enunciados a la capacidad del ni\u00f1o.<\/p>\n<p style=\"text-align: justify\">\u2022 No re\u00edrse nunca de los errores fonol\u00f3gicos cometidos por el ni\u00f1o.<\/p>\n<p style=\"text-align: justify\">\u2022 Incluye en tus enunciados un mayor n\u00famero de peticiones de informaci\u00f3n que de acci\u00f3n para estimular que el ni\u00f1o hable.<\/p>\n<p style=\"text-align: justify\">\u2022 Intenta que tu hijo sienta que le comprend\u00e9is, haz esfuerzos por comprenderle y que el ni\u00f1o no se sienta frustrado.<\/p>\n<p style=\"text-align: justify\">\u2022 Siempre que el ni\u00f1o inicie una conversaci\u00f3n intenta que esta se mantenga el mayor tiempo posible.<\/p>\n<p style=\"text-align: justify\">\u2022 Si le cuesta utilizar correctamente alguna de las partes de la oraci\u00f3n o las construye mal, ofr\u00e9cele el modelo correcto, pero tomando aquello que ha dicho y repiti\u00e9ndoselo correctamente. (Ejemplo: \u201c\u00bfes su coche de su papa?\u201d. Si, es el coche de su papa<\/p>\n<p style=\"text-align: justify\">\u2022 Valora sus manifestaciones y posibil\u00edtalas.<\/p>\n<p style=\"text-align: justify\">\u2022 Refuerza su avance y dale el modelo adecuado para que los siga perfeccionando.<\/p>\n<p style=\"text-align: justify\">\u2022 Contesta a las preguntas que supongan ampliaci\u00f3n de conocimientos. Esc\u00fachale y an\u00edmale<\/p>\n<p style=\"text-align: center\"><a href=\"https:\/\/diocesanos.es\/blogs\/orientapvi\/wp-content\/uploads\/sites\/16\/2015\/03\/5462910-madre-e-hija-en-un-parque.jpg\"><img loading=\"lazy\" decoding=\"async\" class=\"alignnone size-medium wp-image-238\" src=\"https:\/\/diocesanos.es\/blogs\/orientapvi\/wp-content\/uploads\/sites\/16\/2015\/03\/5462910-madre-e-hija-en-un-parque-300x262.jpg\" alt=\"5462910-madre-e-hija-en-un-parque\" width=\"300\" height=\"262\" srcset=\"https:\/\/diocesanos.es\/blogs\/orientapvi\/wp-content\/uploads\/sites\/16\/2015\/03\/5462910-madre-e-hija-en-un-parque-300x262.jpg 300w, https:\/\/diocesanos.es\/blogs\/orientapvi\/wp-content\/uploads\/sites\/16\/2015\/03\/5462910-madre-e-hija-en-un-parque-263x230.jpg 263w, https:\/\/diocesanos.es\/blogs\/orientapvi\/wp-content\/uploads\/sites\/16\/2015\/03\/5462910-madre-e-hija-en-un-parque.jpg 450w\" sizes=\"auto, (max-width: 300px) 100vw, 300px\" \/><\/a><\/p>\n<p style=\"text-align: justify\">\u2022 Da \u201cla vuelta\u201d a sus preguntas anim\u00e1ndole a pensar y a manifestar sus opiniones (Ejemplo: \u00bfpor qu\u00e9&#8230;&#8230;? \u00bfA ti que te parece?).<\/p>\n<p style=\"text-align: justify\">\u2022 Aprovecha las ocasiones en las que el ni\u00f1o disfruta contigo para hablar con \u00e9l, juega con \u00e9l, l\u00e9ele cuentos, dibuja&#8230;<br \/>\n\u2022 Realiza actividades con el ni\u00f1o, sobre todo aquellas que estimulen el lenguaje espont\u00e1neo.<\/p>\n<p style=\"text-align: justify\">\u2022 Elige una actividad que al ni\u00f1o le resulte motivante y atractiva para que \u00e9sta provoque el lenguaje del ni\u00f1o.<\/p>\n<p style=\"text-align: justify\">\u2022 Comp\u00f3rtate de forma \u201cnovata\u201d con el ni\u00f1o, es decir, p\u00eddele que te explique las cosas que esta viendo, el juego con el que esta jugando,&#8230; con el fin de conseguir compartir cosas con \u00e9l.<\/p>\n<p style=\"text-align: justify\">\u2022 Despu\u00e9s de hacer una actividad interesante para el ni\u00f1o, como viajes, cumplea\u00f1os, excursiones&#8230; comenta con \u00e9l todo lo que ha ocurrido, h\u00e1blale de ese acontecimiento, que te cuente lo que ha pasado&#8230;<\/p>\n<p style=\"text-align: justify\">\u2022 Utiliza preguntas abiertas. An\u00edmale a contestarte con algo m\u00e1s que si o no. Amplia sus mensaje.<\/p>\n<p style=\"text-align: justify\">\u2022 H\u00e1blale de personas, hechos y lugares que est\u00e9n presentes en el contexto en el que habitualmente se encuentra el ni\u00f1o. Situaciones de aqu\u00ed y ahora.<br \/>\n\u2022 Hacer collages con recortes de revistas e inventarse historias o cuentos.<br \/>\n\u2022 Dramatizaci\u00f3n- expresi\u00f3n corporal de cuentos<\/p>\n<p style=\"text-align: justify\">\u2022 Trabajo con marionetas<\/p>\n<p style=\"text-align: justify\">\u2022 Contar cosas de forma ordenada: que ha hecho antes y despu\u00e9s, que har\u00e1 enseguida, luego&#8230;<\/p>\n<p style=\"text-align: justify\">\u2022 Ir explicando d\u00f3nde se dejan las cosas, trabajando h\u00e1bitos de orden.<\/p>\n<p style=\"text-align: justify\">\u2022 Preguntarle a menudo por sus juegos y escuchar las explicaciones.<\/p>\n<p style=\"text-align: justify\">\u2022 Jugar a adivinar objetos nombrando solo algunas caracter\u00edstica<\/p>\n<p style=\"text-align: justify\">\u2022 Mirar con \u00e9l cuentos y revistas y que diga los nombres de los objetos que aparecen en las im\u00e1genes.<\/p>\n<p style=\"text-align: justify\">\u2022 Contarle cuentos haci\u00e9ndole part\u00edcipe, pidi\u00e9ndole ayuda en alg\u00fan momento y haci\u00e9ndole preguntas.<\/p>\n<p style=\"text-align: justify\">\u2022 Hacerle preguntas sobre cosas que ocurren en su vida cotidiana para desarrollarle la capacidad de atenci\u00f3n.<\/p>\n<p style=\"text-align: justify\">\u2022 Ense\u00f1arle canciones, adivinanzas, refranes,&#8230;<\/p>\n<p style=\"text-align: justify\">\u2022 Dile peque\u00f1as frases para que las repita despu\u00e9s.<\/p>\n<p style=\"text-align: justify\">\u2022 Ver con \u00e9l\/ella un programa infantil de TV y preguntarle por el, sobre los personajes, como se llaman, que hac\u00edan&#8230;<\/p>\n<p style=\"text-align: justify\">\u2022 Buscar diferencias entre los dibujos casi iguales.<\/p>\n<p style=\"text-align: justify\">\u2022 Jugar al \u201cVeo veo\u201d<\/p>\n<p style=\"text-align: justify\">\u2022 Saber su direcci\u00f3n completa.<\/p>\n<p style=\"text-align: justify\">\u2022 Recordar nombre, apellidos, profesi\u00f3n de padres&#8230;<\/p>\n<p style=\"text-align: justify\">\u2022 Juega con el ni\u00f1o ha imitar sonidos del entorno, de animales o personas, ens\u00e9\u00f1ale de donde proceden y an\u00edmale a imitarlos.<\/p>\n<p style=\"text-align: justify\">\u2022 Fomenta el juego imaginativo de tu hijo, que juegue a peinar mu\u00f1ecas, a conducir, a jugar en la granja,&#8230;<\/p>\n<p style=\"text-align: justify\">\u2022 Juega con tu hijo a hacer movimientos con los labios, como hacer morritos, dar besitos, hacer pedorretas&#8230;; con la lengua, lamerse los labios, sacar la lengua fuera de la boca, subirla hasta la nariz&#8230;<\/p>\n<p style=\"text-align: justify\">\u2022 El ni\u00f1o puede jugar a soplar molinillos de viento, hacer burbujas de jab\u00f3n, soplar pitos, inflar globos&#8230;<\/p>\n<p style=\"text-align: justify\">\uf0d8 No permitan que las personas que rodean a su hijo usen un lenguaje infantilizado o imiten al ni\u00f1o\/a usando sus propias incorrecciones.<\/p>\n<p style=\"text-align: justify\">Mercedes Germa\u00edn Est\u00e9banez, Especialista en Audici\u00f3n y Lenguaje<\/p>\n","protected":false},"excerpt":{"rendered":"<p>ORIENTACIONES GENERALES DE LENGUAJE ORAL El lenguaje oral es una funci\u00f3n y una destreza que se aprende de forma natural, por una serie de intercambios con el entorno social. La adquisici\u00f3n del lenguaje es un proceso evolutivo que sigue su propio ritmo y curso. Estos no son iguales en todos los ni\u00f1os. Que tu hijo [&hellip;]<\/p>\n","protected":false},"author":31,"featured_media":0,"parent":0,"menu_order":0,"comment_status":"closed","ping_status":"closed","template":"","meta":{"footnotes":""},"class_list":["post-123","page","type-page","status-publish","hentry"],"_links":{"self":[{"href":"https:\/\/diocesanos.es\/blogs\/orientapvi\/wp-json\/wp\/v2\/pages\/123","targetHints":{"allow":["GET"]}}],"collection":[{"href":"https:\/\/diocesanos.es\/blogs\/orientapvi\/wp-json\/wp\/v2\/pages"}],"about":[{"href":"https:\/\/diocesanos.es\/blogs\/orientapvi\/wp-json\/wp\/v2\/types\/page"}],"author":[{"embeddable":true,"href":"https:\/\/diocesanos.es\/blogs\/orientapvi\/wp-json\/wp\/v2\/users\/31"}],"replies":[{"embeddable":true,"href":"https:\/\/diocesanos.es\/blogs\/orientapvi\/wp-json\/wp\/v2\/comments?post=123"}],"version-history":[{"count":0,"href":"https:\/\/diocesanos.es\/blogs\/orientapvi\/wp-json\/wp\/v2\/pages\/123\/revisions"}],"wp:attachment":[{"href":"https:\/\/diocesanos.es\/blogs\/orientapvi\/wp-json\/wp\/v2\/media?parent=123"}],"curies":[{"name":"wp","href":"https:\/\/api.w.org\/{rel}","templated":true}]}}