{"id":22,"date":"2017-09-10T21:01:54","date_gmt":"2017-09-10T21:01:54","guid":{"rendered":"https:\/\/diocesanos.es\/blogs\/institutotecnologico\/?page_id=22"},"modified":"2018-09-06T10:19:29","modified_gmt":"2018-09-06T10:19:29","slug":"iniciacion-a-la-tecnologia","status":"publish","type":"page","link":"https:\/\/diocesanos.es\/blogs\/institutotecnologico\/iniciacion-a-la-tecnologia\/","title":{"rendered":"Iniciaci\u00f3n a la Tecnolog\u00eda"},"content":{"rendered":"<ul>\n<li><strong>Destinatarios:<\/strong> Alumnos de infantil (4-5 a\u00f1os)<\/li>\n<li><strong>Duraci\u00f3n:<\/strong> 1 hora a la semana en d\u00edas lectivos, desde el 01\/octubre\/2018 hasta el 31\/mayo\/2019. (en torno a 30 sesiones)<\/li>\n<li><strong>Cuota:<\/strong> 20\u20ac \/ mes<\/li>\n<li><strong>N\u00famero m\u00ednimo de alumnos:<\/strong> 9<\/li>\n<\/ul>\n<p>Iniciamos a los alumnos en el funcionamiento de los robots realizando diversas actividades que les ayudar\u00e1n a desarrollar sus habilidades de lecto-escritura, l\u00f3gica matem\u00e1tica, expresi\u00f3n pl\u00e1stica, conocimiento del medio y creatividad.<\/p>\n<table>\n<tbody>\n<tr>\n<td><a href=\"https:\/\/diocesanos.es\/blogs\/institutotecnologico\/iniciacion-a-la-tecnologia\/1001794_02_itsbot_18_large\/\" rel=\"attachment wp-att-23\"><img loading=\"lazy\" decoding=\"async\" class=\"alignleft wp-image-23 size-medium\" src=\"https:\/\/diocesanos.es\/blogs\/institutotecnologico\/wp-content\/uploads\/sites\/42\/2017\/09\/1001794_02_ITSBOT_18_large-300x300.jpg\" alt=\"\" width=\"300\" height=\"300\" srcset=\"https:\/\/diocesanos.es\/blogs\/institutotecnologico\/wp-content\/uploads\/sites\/42\/2017\/09\/1001794_02_ITSBOT_18_large-300x300.jpg 300w, https:\/\/diocesanos.es\/blogs\/institutotecnologico\/wp-content\/uploads\/sites\/42\/2017\/09\/1001794_02_ITSBOT_18_large-150x150.jpg 150w, https:\/\/diocesanos.es\/blogs\/institutotecnologico\/wp-content\/uploads\/sites\/42\/2017\/09\/1001794_02_ITSBOT_18_large-768x768.jpg 768w, https:\/\/diocesanos.es\/blogs\/institutotecnologico\/wp-content\/uploads\/sites\/42\/2017\/09\/1001794_02_ITSBOT_18_large.jpg 900w\" sizes=\"auto, (max-width: 300px) 85vw, 300px\" \/><\/a><\/td>\n<td>Usando un peque\u00f1o robot con sonidos y luces tendr\u00e1n que dar instrucciones para lograr los objetivos planteados. Trabajamos el lenguaje direccional, giros, lateralidad y otros conceptos espaciales b\u00e1sicos.<\/p>\n<p>Este robot se programa con secuencias del tipo \u201cadelante\u201d, \u201catr\u00e1s\u201d, \u201cgirar 90\u00ba a la izquierda\u201d o \u201ca la derecha\u201d mediante unas intuitivas teclas de direcci\u00f3n en el propio robot.<\/td>\n<\/tr>\n<tr>\n<td><a href=\"https:\/\/diocesanos.es\/blogs\/institutotecnologico\/iniciacion-a-la-tecnologia\/item_4718_fotoprod\/\" rel=\"attachment wp-att-24\"><img loading=\"lazy\" decoding=\"async\" class=\"alignleft wp-image-24 size-medium\" src=\"https:\/\/diocesanos.es\/blogs\/institutotecnologico\/wp-content\/uploads\/sites\/42\/2017\/09\/ITEM_4718_FOTOPROD-300x253.jpg\" alt=\"\" width=\"300\" height=\"253\" srcset=\"https:\/\/diocesanos.es\/blogs\/institutotecnologico\/wp-content\/uploads\/sites\/42\/2017\/09\/ITEM_4718_FOTOPROD-300x253.jpg 300w, https:\/\/diocesanos.es\/blogs\/institutotecnologico\/wp-content\/uploads\/sites\/42\/2017\/09\/ITEM_4718_FOTOPROD.jpg 501w\" sizes=\"auto, (max-width: 300px) 85vw, 300px\" \/><\/a><\/td>\n<td>Construyendo m\u00e1quinas t\u00e9cnicas desarrollar\u00e1 las habilidades motoras finas, explorar\u00e1 y comprender\u00e1 las m\u00e1quinas y las habilidades de ingenier\u00eda. Tambi\u00e9n permite explorar la comunicaci\u00f3n y comprensi\u00f3n oral, y la discusi\u00f3n de los roles y responsabilidades sociales.<\/td>\n<\/tr>\n<tr>\n<td><a href=\"https:\/\/diocesanos.es\/blogs\/institutotecnologico\/iniciacion-a-la-tecnologia\/tablet-nin%cc%83os-01\/\" rel=\"attachment wp-att-25\"><img loading=\"lazy\" decoding=\"async\" class=\"alignleft wp-image-25 size-medium\" src=\"https:\/\/diocesanos.es\/blogs\/institutotecnologico\/wp-content\/uploads\/sites\/42\/2017\/09\/tablet-nin\u0303os-01-300x179.jpg\" alt=\"\" width=\"300\" height=\"179\" srcset=\"https:\/\/diocesanos.es\/blogs\/institutotecnologico\/wp-content\/uploads\/sites\/42\/2017\/09\/tablet-nin\u0303os-01-300x179.jpg 300w, https:\/\/diocesanos.es\/blogs\/institutotecnologico\/wp-content\/uploads\/sites\/42\/2017\/09\/tablet-nin\u0303os-01.jpg 600w\" sizes=\"auto, (max-width: 300px) 85vw, 300px\" \/><\/a><\/td>\n<td>Manejo b\u00e1sico de la tablet y uso de aplicaciones para fomentar la creatividad o trabajar con \u201crealidad aumentada\u201d.<\/td>\n<\/tr>\n<\/tbody>\n<\/table>\n<h2>Aspectos claves del aprendizaje:<\/h2>\n<ul>\n<li>Est\u00e1 pensado para los ni\u00f1os que todav\u00eda no saben leer ya que programar es muy intuitivo.<\/li>\n<li>Explora tecnolog\u00eda y dise\u00f1o de ingenier\u00eda a trav\u00e9s de habilidades emergentes.<\/li>\n<li>Comunicar ideas, planificar y escuchar a los dem\u00e1s.<\/li>\n<li>Introduce en la investigaci\u00f3n de las funciones de las m\u00e1quinas y la resoluci\u00f3n de problemas.<\/li>\n<li>Explorar roles y responsabilidades sociales.<\/li>\n<li>Desarrolla habilidades motoras finas cada vez m\u00e1s complejas.<\/li>\n<li>Jugar y aprender en equipo.<\/li>\n<li>Manejo de herramientas.<\/li>\n<\/ul>\n","protected":false},"excerpt":{"rendered":"<p>Destinatarios: Alumnos de infantil (4-5 a\u00f1os) Duraci\u00f3n: 1 hora a la semana en d\u00edas lectivos, desde el 01\/octubre\/2018 hasta el 31\/mayo\/2019. (en torno a 30 sesiones) Cuota: 20\u20ac \/ mes N\u00famero m\u00ednimo de alumnos: 9 Iniciamos a los alumnos en el funcionamiento de los robots realizando diversas actividades que les ayudar\u00e1n a desarrollar sus habilidades &hellip; <a href=\"https:\/\/diocesanos.es\/blogs\/institutotecnologico\/iniciacion-a-la-tecnologia\/\" class=\"more-link\">Continuar leyendo<span class=\"screen-reader-text\"> \u00abIniciaci\u00f3n a la Tecnolog\u00eda\u00bb<\/span><\/a><\/p>\n","protected":false},"author":107,"featured_media":0,"parent":0,"menu_order":0,"comment_status":"closed","ping_status":"closed","template":"","meta":{"footnotes":""},"class_list":["post-22","page","type-page","status-publish","hentry"],"_links":{"self":[{"href":"https:\/\/diocesanos.es\/blogs\/institutotecnologico\/wp-json\/wp\/v2\/pages\/22","targetHints":{"allow":["GET"]}}],"collection":[{"href":"https:\/\/diocesanos.es\/blogs\/institutotecnologico\/wp-json\/wp\/v2\/pages"}],"about":[{"href":"https:\/\/diocesanos.es\/blogs\/institutotecnologico\/wp-json\/wp\/v2\/types\/page"}],"author":[{"embeddable":true,"href":"https:\/\/diocesanos.es\/blogs\/institutotecnologico\/wp-json\/wp\/v2\/users\/107"}],"replies":[{"embeddable":true,"href":"https:\/\/diocesanos.es\/blogs\/institutotecnologico\/wp-json\/wp\/v2\/comments?post=22"}],"version-history":[{"count":6,"href":"https:\/\/diocesanos.es\/blogs\/institutotecnologico\/wp-json\/wp\/v2\/pages\/22\/revisions"}],"predecessor-version":[{"id":122,"href":"https:\/\/diocesanos.es\/blogs\/institutotecnologico\/wp-json\/wp\/v2\/pages\/22\/revisions\/122"}],"wp:attachment":[{"href":"https:\/\/diocesanos.es\/blogs\/institutotecnologico\/wp-json\/wp\/v2\/media?parent=22"}],"curies":[{"name":"wp","href":"https:\/\/api.w.org\/{rel}","templated":true}]}}