{"id":13,"date":"2015-11-06T13:25:08","date_gmt":"2015-11-06T13:25:08","guid":{"rendered":"https:\/\/diocesanos.es\/blogs\/escueladepadres\/?page_id=13"},"modified":"2015-11-24T17:01:50","modified_gmt":"2015-11-24T17:01:50","slug":"seccion-2","status":"publish","type":"page","link":"https:\/\/diocesanos.es\/blogs\/escueladepadres\/seccion-2\/","title":{"rendered":"INTERNET Y REDES SOCIALES"},"content":{"rendered":"<p style=\"text-align: center\"><a href=\"https:\/\/diocesanos.es\/blogs\/escueladepadres\/wp-content\/uploads\/sites\/24\/2015\/11\/\u00edndice.jpeg\"><img loading=\"lazy\" decoding=\"async\" class=\"size-full wp-image-81 aligncenter\" src=\"https:\/\/diocesanos.es\/blogs\/escueladepadres\/wp-content\/uploads\/sites\/24\/2015\/11\/\u00edndice.jpeg\" alt=\"\u00edndice\" width=\"193\" height=\"261\" srcset=\"https:\/\/diocesanos.es\/blogs\/escueladepadres\/wp-content\/uploads\/sites\/24\/2015\/11\/\u00edndice.jpeg 193w, https:\/\/diocesanos.es\/blogs\/escueladepadres\/wp-content\/uploads\/sites\/24\/2015\/11\/\u00edndice-170x230.jpeg 170w\" sizes=\"auto, (max-width: 193px) 100vw, 193px\" \/><\/a><span style=\"color: #0000ff\"><a href=\"http:\/\/www.colegiopablovi.es\/?dwn=1&amp;d=228&amp;f=4428\" target=\"_blank\">DESCARGAR GU\u00cdA<\/a><\/span><\/p>\n<p style=\"text-align: justify\">Este\u00a0 material b\u00e1sicamente trata de responder a las inquietudes que los padres manifiestan con m\u00e1s frecuencia a la hora de enfrentarse al uso que hacen sus hijos de estas herramientas. Esta gu\u00eda abarca cinco temas, que constituyen los \u201cPilares b\u00e1sicos\u201d en los que ha de apoyarse la actuaci\u00f3n educativa de los padres. Estos cinco pilares b\u00e1sicos de actuaci\u00f3n son los siguientes:<br \/>\n<strong>1. Hablemos de Internet.<\/strong><br \/>\n<strong>2. Hablemos de videojuegos.<\/strong><br \/>\n<strong>3. Hablemos del m\u00f3vil.<\/strong><br \/>\n<strong>4. \u00bfConocemos el riesgo?<\/strong><br \/>\n<strong>5. \u00bfQu\u00e9 podemos hacer desde la familia para prevenir el mal uso de las nuevas tecnolog\u00edas?<\/strong><br \/>\nLa familia es el agente de prevenci\u00f3n m\u00e1s importante. Por esta raz\u00f3n el papel de los padres es fundamental a la hora de evitar y detectar el mal uso de las nuevas tecnolog\u00edas. Los padres debemos aprender a manejar los aspectos que se consideran b\u00e1sicos en la formaci\u00f3n de los hijos: la comunicaci\u00f3n, el establecimiento de normas y l\u00edmites, la educaci\u00f3n en el ocio y el tiempo libre, el fomento de las habilidades personales y nuestro papel como modelos de comportamiento.<\/p>\n","protected":false},"excerpt":{"rendered":"<p>DESCARGAR GU\u00cdA Este\u00a0 material b\u00e1sicamente trata de responder a las inquietudes que los padres manifiestan con m\u00e1s frecuencia a la hora de enfrentarse al uso que hacen sus hijos de estas herramientas. Esta gu\u00eda abarca cinco temas, que constituyen los \u201cPilares b\u00e1sicos\u201d en los que ha de apoyarse la actuaci\u00f3n educativa de los padres. Estos [&hellip;]<\/p>\n","protected":false},"author":53,"featured_media":0,"parent":0,"menu_order":0,"comment_status":"closed","ping_status":"closed","template":"","meta":{"footnotes":""},"class_list":["post-13","page","type-page","status-publish","hentry"],"_links":{"self":[{"href":"https:\/\/diocesanos.es\/blogs\/escueladepadres\/wp-json\/wp\/v2\/pages\/13","targetHints":{"allow":["GET"]}}],"collection":[{"href":"https:\/\/diocesanos.es\/blogs\/escueladepadres\/wp-json\/wp\/v2\/pages"}],"about":[{"href":"https:\/\/diocesanos.es\/blogs\/escueladepadres\/wp-json\/wp\/v2\/types\/page"}],"author":[{"embeddable":true,"href":"https:\/\/diocesanos.es\/blogs\/escueladepadres\/wp-json\/wp\/v2\/users\/53"}],"replies":[{"embeddable":true,"href":"https:\/\/diocesanos.es\/blogs\/escueladepadres\/wp-json\/wp\/v2\/comments?post=13"}],"version-history":[{"count":9,"href":"https:\/\/diocesanos.es\/blogs\/escueladepadres\/wp-json\/wp\/v2\/pages\/13\/revisions"}],"predecessor-version":[{"id":90,"href":"https:\/\/diocesanos.es\/blogs\/escueladepadres\/wp-json\/wp\/v2\/pages\/13\/revisions\/90"}],"wp:attachment":[{"href":"https:\/\/diocesanos.es\/blogs\/escueladepadres\/wp-json\/wp\/v2\/media?parent=13"}],"curies":[{"name":"wp","href":"https:\/\/api.w.org\/{rel}","templated":true}]}}

<p style="text-align: center"><a href="https://diocesanos.es/blogs/escueladepadres/wp-content/uploads/sites/24/2015/11/índice.jpeg"><img loading="lazy" decoding="async" class="size-full wp-image-81 aligncenter" src="https://diocesanos.es/blogs/escueladepadres/wp-content/uploads/sites/24/2015/11/índice.jpeg" alt="índice" width="193" height="261" srcset="https://diocesanos.es/blogs/escueladepadres/wp-content/uploads/sites/24/2015/11/índice.jpeg 193w, https://diocesanos.es/blogs/escueladepadres/wp-content/uploads/sites/24/2015/11/índice-170x230.jpeg 170w" sizes="auto, (max-width: 193px) 100vw, 193px" /></a><span style="color: #0000ff"><a href="http://www.colegiopablovi.es/?dwn=1&amp;d=228&amp;f=4428" target="_blank">DESCARGAR GUÍA</a></span></p>
<p style="text-align: justify">Este  material básicamente trata de responder a las inquietudes que los padres manifiestan con más frecuencia a la hora de enfrentarse al uso que hacen sus hijos de estas herramientas. Esta guía abarca cinco temas, que constituyen los “Pilares básicos” en los que ha de apoyarse la actuación educativa de los padres. Estos cinco pilares básicos de actuación son los siguientes:<br />
<strong>1. Hablemos de Internet.</strong><br />
<strong>2. Hablemos de videojuegos.</strong><br />
<strong>3. Hablemos del móvil.</strong><br />
<strong>4. ¿Conocemos el riesgo?</strong><br />
<strong>5. ¿Qué podemos hacer desde la familia para prevenir el mal uso de las nuevas tecnologías?</strong><br />
La familia es el agente de prevención más importante. Por esta razón el papel de los padres es fundamental a la hora de evitar y detectar el mal uso de las nuevas tecnologías. Los padres debemos aprender a manejar los aspectos que se consideran básicos en la formación de los hijos: la comunicación, el establecimiento de normas y límites, la educación en el ocio y el tiempo libre, el fomento de las habilidades personales y nuestro papel como modelos de comportamiento.</p>

<p>DESCARGAR GUÍA Este  material básicamente trata de responder a las inquietudes que los padres manifiestan con más frecuencia a la hora de enfrentarse al uso que hacen sus hijos de estas herramientas. Esta guía abarca cinco temas, que constituyen los “Pilares básicos” en los que ha de apoyarse la actuación educativa de los padres. Estos [&hellip;]</p>
