{"id":23,"date":"2020-01-17T10:20:56","date_gmt":"2020-01-17T10:20:56","guid":{"rendered":"https:\/\/diocesanos.es\/blogs\/albergue\/?page_id=23"},"modified":"2020-01-18T13:31:04","modified_gmt":"2020-01-18T13:31:04","slug":"donde-esta","status":"publish","type":"page","link":"https:\/\/diocesanos.es\/blogs\/albergue\/donde-esta\/","title":{"rendered":"D\u00f3nde est\u00e1"},"content":{"rendered":"\n<p>Para acceder a la finca del albergue \u201cPiedra Caballera\u201d, tomaremos la carretera AV-902, y  kil\u00f3metro 3,8 en direcci\u00f3n Burgohondo, a mano izquierda encontraremos un acceso por un  camino de tierra. M\u00e1s adelante a 300 metros encontraremos un segundo acceso tambi\u00e9n a  mano izquierda e igualmente en forma de un camino de tierra.<\/p>\n\n\n\n<p>Por \u00faltimo, en la parte m\u00e1s distal de la carretera, podremos acceder a la finca a pie por la ladera del r\u00edo.<\/p>\n\n\n\n<figure class=\"wp-block-image size-large\"><a href=\"https:\/\/goo.gl\/maps\/tvnduPfcNUcNYNFC6\"><img loading=\"lazy\" decoding=\"async\" width=\"1024\" height=\"707\" src=\"https:\/\/diocesanos.es\/blogs\/albergue\/wp-content\/uploads\/sites\/46\/2020\/01\/mapa_google-1024x707.png\" alt=\"\" class=\"wp-image-28\" srcset=\"https:\/\/diocesanos.es\/blogs\/albergue\/wp-content\/uploads\/sites\/46\/2020\/01\/mapa_google-1024x707.png 1024w, https:\/\/diocesanos.es\/blogs\/albergue\/wp-content\/uploads\/sites\/46\/2020\/01\/mapa_google-300x207.png 300w, https:\/\/diocesanos.es\/blogs\/albergue\/wp-content\/uploads\/sites\/46\/2020\/01\/mapa_google-768x530.png 768w, https:\/\/diocesanos.es\/blogs\/albergue\/wp-content\/uploads\/sites\/46\/2020\/01\/mapa_google.png 1126w\" sizes=\"auto, (max-width: 1024px) 100vw, 1024px\" \/><\/a><figcaption>Ver en Google Maps: <a href=\"https:\/\/goo.gl\/maps\/tvnduPfcNUcNYNFC6\">https:\/\/goo.gl\/maps\/tvnduPfcNUcNYNFC6<\/a><\/figcaption><\/figure>\n\n\n\n<p>La finca est\u00e1 situada en el t\u00e9rmino de Navaluenga, rodeada de 503,41 metros de vallado, en su mayor\u00eda linear con una altura de 2 metros y un  arqueado final para mayor seguridad. El hueco de valla es de 5 cm en rombeado cruzado.<\/p>\n\n\n\n<p>El \u00e1rea de la finca comprende 1,09 ha en su mayor\u00eda rodeada vegetaci\u00f3n con \u00e1rboles como chopos o encinas y mucho arbusto.<\/p>\n\n\n\n<p>En la zona m\u00e1s sur de la finca encontramos una cequia de agua del r\u00edo, y en la parte m\u00e1s norte,  un campo de futbol sala y baloncesto de tierra, donde se pueden realizar ejercicios m\u00e1s f\u00edsicos.<\/p>\n\n\n\n<p>Por \u00faltimo destacar un \u201canfiteatro\u201d de piedra en la zona este de la finca, donde poder hacer reuniones o celebraciones religiosas.<\/p>\n\n\n\n<figure class=\"wp-block-gallery columns-3 is-cropped wp-block-gallery-1 is-layout-flex wp-block-gallery-is-layout-flex\"><ul class=\"blocks-gallery-grid\"><li class=\"blocks-gallery-item\"><figure><img loading=\"lazy\" decoding=\"async\" width=\"1024\" height=\"683\" src=\"https:\/\/diocesanos.es\/blogs\/albergue\/wp-content\/uploads\/sites\/46\/2020\/01\/IMG_5782-1-1024x683.jpg\" alt=\"\" data-id=\"97\" data-link=\"https:\/\/diocesanos.es\/blogs\/albergue\/donde-esta\/img_5782-1\/\" class=\"wp-image-97\" srcset=\"https:\/\/diocesanos.es\/blogs\/albergue\/wp-content\/uploads\/sites\/46\/2020\/01\/IMG_5782-1-1024x683.jpg 1024w, https:\/\/diocesanos.es\/blogs\/albergue\/wp-content\/uploads\/sites\/46\/2020\/01\/IMG_5782-1-300x200.jpg 300w, https:\/\/diocesanos.es\/blogs\/albergue\/wp-content\/uploads\/sites\/46\/2020\/01\/IMG_5782-1-768x512.jpg 768w, https:\/\/diocesanos.es\/blogs\/albergue\/wp-content\/uploads\/sites\/46\/2020\/01\/IMG_5782-1-1536x1024.jpg 1536w, https:\/\/diocesanos.es\/blogs\/albergue\/wp-content\/uploads\/sites\/46\/2020\/01\/IMG_5782-1-2048x1365.jpg 2048w\" sizes=\"auto, (max-width: 1024px) 100vw, 1024px\" \/><\/figure><\/li><li class=\"blocks-gallery-item\"><figure><img loading=\"lazy\" decoding=\"async\" width=\"1024\" height=\"683\" src=\"https:\/\/diocesanos.es\/blogs\/albergue\/wp-content\/uploads\/sites\/46\/2020\/01\/IMG_5786-1-1024x683.jpg\" alt=\"\" data-id=\"98\" data-link=\"https:\/\/diocesanos.es\/blogs\/albergue\/donde-esta\/img_5786-1\/\" class=\"wp-image-98\" srcset=\"https:\/\/diocesanos.es\/blogs\/albergue\/wp-content\/uploads\/sites\/46\/2020\/01\/IMG_5786-1-1024x683.jpg 1024w, https:\/\/diocesanos.es\/blogs\/albergue\/wp-content\/uploads\/sites\/46\/2020\/01\/IMG_5786-1-300x200.jpg 300w, https:\/\/diocesanos.es\/blogs\/albergue\/wp-content\/uploads\/sites\/46\/2020\/01\/IMG_5786-1-768x512.jpg 768w, https:\/\/diocesanos.es\/blogs\/albergue\/wp-content\/uploads\/sites\/46\/2020\/01\/IMG_5786-1-1536x1024.jpg 1536w, https:\/\/diocesanos.es\/blogs\/albergue\/wp-content\/uploads\/sites\/46\/2020\/01\/IMG_5786-1-2048x1365.jpg 2048w\" sizes=\"auto, (max-width: 1024px) 100vw, 1024px\" \/><\/figure><\/li><li class=\"blocks-gallery-item\"><figure><img loading=\"lazy\" decoding=\"async\" width=\"1024\" height=\"683\" src=\"https:\/\/diocesanos.es\/blogs\/albergue\/wp-content\/uploads\/sites\/46\/2020\/01\/IMG_5788-1-1024x683.jpg\" alt=\"\" data-id=\"99\" data-full-url=\"https:\/\/diocesanos.es\/blogs\/albergue\/wp-content\/uploads\/sites\/46\/2020\/01\/IMG_5788-1-scaled.jpg\" data-link=\"https:\/\/diocesanos.es\/blogs\/albergue\/donde-esta\/img_5788-1\/\" class=\"wp-image-99\" srcset=\"https:\/\/diocesanos.es\/blogs\/albergue\/wp-content\/uploads\/sites\/46\/2020\/01\/IMG_5788-1-1024x683.jpg 1024w, https:\/\/diocesanos.es\/blogs\/albergue\/wp-content\/uploads\/sites\/46\/2020\/01\/IMG_5788-1-300x200.jpg 300w, https:\/\/diocesanos.es\/blogs\/albergue\/wp-content\/uploads\/sites\/46\/2020\/01\/IMG_5788-1-768x512.jpg 768w, https:\/\/diocesanos.es\/blogs\/albergue\/wp-content\/uploads\/sites\/46\/2020\/01\/IMG_5788-1-1536x1024.jpg 1536w, https:\/\/diocesanos.es\/blogs\/albergue\/wp-content\/uploads\/sites\/46\/2020\/01\/IMG_5788-1-2048x1365.jpg 2048w\" sizes=\"auto, (max-width: 1024px) 100vw, 1024px\" \/><\/figure><\/li><\/ul><\/figure>\n\n\n\n<h2 class=\"wp-block-heading\">Sobre Navaluenga<\/h2>\n\n\n\n<p>El t\u00e9rmino municipal de Navaluenga se encuentra en el Valle del Alberche, dentro del Sistema  Central, al sur-este de la provincia de \u00c1vila. Lo cruza el r\u00edo Alberche, que discurre desde la zona  occidental de la provincia hasta la oriental, y en cuya margen izquierda se sit\u00faa el n\u00facleo urbano  de Navaluenga.<\/p>\n\n\n\n<p>Limita al Norte con los t\u00e9rminos de Navalmoral y San Juan de la Nava, al Oeste con Burgohondo,  al Este con El Barraco y al Sur con Piedralaves. Tiene una altitud de 762 metros sobre el nivel del  mar y cuenta con una extensi\u00f3n de 73 Km cuadrados. Es un enclave con envidiables posibilidades  naturales y culturales. La presencia en la comarca de Espacios Naturales Protegidos, como el  Parque Regional de la Sierra de Gredos, El Pinar de Hoyocasero, las sierras de la Paramera y la  Serrota, o la Reserva Natural del Valle de Iruelas son algunas de las muestras de su calidad  medioambiental.<\/p>\n\n\n\n<p>La posici\u00f3n geogr\u00e1fica de Navaluenga constituye un importante foco de acogida para las jornadas de ocio y contacto con la naturaleza y  costumbres de sus gentes. Por otra parte, la consideraci\u00f3n de Navaluenga como Municipio  selectivo incluido en el Plan Regional de Turismo y su gran oferta de turismo rural, ecoturismo y  turismo activo, han convertido a Navaluenga en uno de los destinos m\u00e1s visitados, con cerca de  25.000 visitantes s\u00f3lo en verano, y en merecedora del Premio C Regional de Turismo de la Junta  de Castilla y Le\u00f3n en 1998.<\/p>\n","protected":false},"excerpt":{"rendered":"<p>Para acceder a la finca del albergue \u201cPiedra Caballera\u201d, tomaremos la carretera AV-902, y kil\u00f3metro 3,8 en direcci\u00f3n Burgohondo, a mano izquierda encontraremos un acceso por un camino de tierra. M\u00e1s adelante a 300 metros encontraremos un segundo acceso tambi\u00e9n a mano izquierda e igualmente en forma de un camino de tierra. <span class=\"more-link\"><a href=\"https:\/\/diocesanos.es\/blogs\/albergue\/donde-esta\/\">Leer m\u00e1s<\/a><\/span><\/p>\n<p> <span class=\"more-link\"><a href=\"https:\/\/diocesanos.es\/blogs\/albergue\/donde-esta\/\">Leer m\u00e1s<\/a><\/span><\/p>\n","protected":false},"author":292,"featured_media":34,"parent":0,"menu_order":0,"comment_status":"closed","ping_status":"closed","template":"","meta":{"footnotes":""},"class_list":["post-23","page","type-page","status-publish","has-post-thumbnail","hentry"],"_links":{"self":[{"href":"https:\/\/diocesanos.es\/blogs\/albergue\/wp-json\/wp\/v2\/pages\/23","targetHints":{"allow":["GET"]}}],"collection":[{"href":"https:\/\/diocesanos.es\/blogs\/albergue\/wp-json\/wp\/v2\/pages"}],"about":[{"href":"https:\/\/diocesanos.es\/blogs\/albergue\/wp-json\/wp\/v2\/types\/page"}],"author":[{"embeddable":true,"href":"https:\/\/diocesanos.es\/blogs\/albergue\/wp-json\/wp\/v2\/users\/292"}],"replies":[{"embeddable":true,"href":"https:\/\/diocesanos.es\/blogs\/albergue\/wp-json\/wp\/v2\/comments?post=23"}],"version-history":[{"count":6,"href":"https:\/\/diocesanos.es\/blogs\/albergue\/wp-json\/wp\/v2\/pages\/23\/revisions"}],"predecessor-version":[{"id":100,"href":"https:\/\/diocesanos.es\/blogs\/albergue\/wp-json\/wp\/v2\/pages\/23\/revisions\/100"}],"wp:featuredmedia":[{"embeddable":true,"href":"https:\/\/diocesanos.es\/blogs\/albergue\/wp-json\/wp\/v2\/media\/34"}],"wp:attachment":[{"href":"https:\/\/diocesanos.es\/blogs\/albergue\/wp-json\/wp\/v2\/media?parent=23"}],"curies":[{"name":"wp","href":"https:\/\/api.w.org\/{rel}","templated":true}]}}